{"id":31,"date":"2025-08-03T04:19:04","date_gmt":"2025-08-03T04:19:04","guid":{"rendered":"http:\/\/littera.education\/?page_id=31"},"modified":"2025-08-13T13:35:33","modified_gmt":"2025-08-13T13:35:33","slug":"conferences","status":"publish","type":"page","link":"https:\/\/littera.education\/?page_id=31","title":{"rendered":"Conf\u00e9rences"},"content":{"rendered":"\n<p>Le cycle de conf\u00e9rences LITTERA 2025-2026 est plac\u00e9 sous l\u2019\u00e9gide du triptyque :<\/p>\n\n\n\n<h3 class=\"wp-block-heading has-medium-font-size\">Ethique, responsabilit\u00e9 et int\u00e9grit\u00e9<\/h3>\n\n\n\n<p>Si l\u2019on devait identifier un trait commun parmi ces illustres figures mythiques que sont Marc Aur\u00e8le, Antoine de Saint-Exup\u00e9ry et Simone Weil, ce serait le degr\u00e9 d\u2019exigence \u00e9thique qu\u2019ils s\u2019imposaient pour faire face aux \u00e9v\u00e8nements.<\/p>\n\n\n\n<p>Car en face \u00e9tait la guerre.<\/p>\n\n\n\n<p>De guerre il est question dans la conf\u00e9rence sur Sun Tzu, qui , m\u00eame s\u2019il est connu et cit\u00e9 mondialement, les fondements de sa pens\u00e9e restent quasiment ignor\u00e9s.<\/p>\n\n\n\n<p>Plut\u00f4t que de guerre, c\u2019est de victoire dont il est question dans les \u00e9crits de Sun Tzu, une victoire qui respecte une s\u00e9rie de conditions qui, si elles \u00e9taient ignor\u00e9es, provoquerait un d\u00e9cha\u00eenement de violence et une mont\u00e9e aux extr\u00eames pour reprendre le th\u00e8me cher \u00e0 Clausewitz.<\/p>\n\n\n\n<h3 class=\"wp-block-heading has-medium-font-size\">Courage, volont\u00e9 et d\u00e9termination<\/h3>\n\n\n\n<p>Nous vous proposons de remonter aux sources du temp\u00e9rament des ces quatre personnages pour tenter de comprendre de quel courage \u00e9tait tiss\u00e9 leur c\u0153ur, d\u2019explorer les belles fondations sur lesquelles reposent leur architecture de pens\u00e9e et d\u2019esquisser cet id\u00e9al d\u2019humanit\u00e9 que tous cherchaient \u00e0 pr\u00e9server co\u00fbte que co\u00fbte.<\/p>\n\n\n\n<h3 class=\"wp-block-heading has-medium-font-size\"><strong>Bien voir, bien penser, bien agir<\/strong><\/h3>\n\n\n\n<p>Les conf\u00e9rences ont pour vocation de faire d\u00e9couvrir la pens\u00e9e d\u2019un auteur autour de citations tir\u00e9es de leurs \u0153uvres. Les citations sont projet\u00e9es sur \u00e9cran et constituent la trames de l\u2019expos\u00e9.<\/p>\n\n\n\n<p>Les \u0153uvres dont il sera question sont accessibles dans toutes les librairies, voire sur internet en format libre. Nous tenons \u00e0 garder accessibles \u00e0 tous les arguments d\u00e9velopp\u00e9s lors de la s\u00e9ance. Les citations sont sourc\u00e9es de mani\u00e8re \u00e0 ce que chacun puisse les retrouver dans les \u0153uvres de l\u2019auteur et continuer ainsi son propre cheminement intellectuel.<\/p>\n\n\n\n<p>Les th\u00e8mes sont expos\u00e9s de mani\u00e8re \u00e0 ce que tous puisse en retirer le meilleur pour lui-m\u00eame.<\/p>\n\n\n\n<div style=\"height:100px\" aria-hidden=\"true\" class=\"wp-block-spacer\"><\/div>\n\n\n\n<figure class=\"wp-block-image\"><img decoding=\"async\" src=\"https:\/\/xn--littra-eva.com\/wp-content\/uploads\/2025\/04\/CONF_WEIL_2025_CONFERENCES_06.jpg\" alt=\"\" class=\"wp-image-712\"\/><\/figure>\n\n\n\n<p class=\"has-medium-font-size\"><strong>Simone Weil : l\u2019intellectuelle r\u00e9volt\u00e9e&nbsp;!<\/strong><\/p>\n\n\n\n<p>Solidaire jusque dans sa chair, volontaire au plus pr\u00e8s des combats, engag\u00e9e jusqu\u2019\u00e0 la souffrance, entre imp\u00e9ratif moral et besoins de l\u2019\u00e2me, la pens\u00e9e en action de Simone Weil dessine une constellation d\u2019\u00e9toiles m\u00e9taphysiques, d\u2019inspirations math\u00e9matiques et d\u2019engagements politiques.<\/p>\n\n\n\n<p>La d\u00e9marche spirituelle, profonde, et parfois paradoxale qu\u2019incarnait Simone Weil jusque dans ses actes, est tiss\u00e9e de forces mystiques, spirituelles et philosophiques avec comme constance dans l\u2019\u00e9thique le souci des \u00e2mes oppress\u00e9es.<\/p>\n\n\n\n<div style=\"height:100px\" aria-hidden=\"true\" class=\"wp-block-spacer\"><\/div>\n\n\n\n<figure class=\"wp-block-image\"><img decoding=\"async\" src=\"https:\/\/xn--littra-eva.com\/wp-content\/uploads\/2025\/04\/CONF_EXUPERY_2025_09.jpg\" alt=\"\" class=\"wp-image-710\"\/><\/figure>\n\n\n\n<p class=\"has-medium-font-size\"><strong>Antoine de Saint-Exup\u00e9ry : Terre des hommes<\/strong><\/p>\n\n\n\n<p>Avancer, encore, toujours, \u00e9lancer cet ultime pas, ne reculer que pour aller chercher nos camarades.<\/p>\n\n\n\n<p>Le pilote-\u00e9crivain nous fait d\u00e9couvrir le caract\u00e8re sacr\u00e9 de la mission dans cette r\u00e9gion du c\u0153ur que peu connaissent.<\/p>\n\n\n\n<div style=\"height:100px\" aria-hidden=\"true\" class=\"wp-block-spacer\"><\/div>\n\n\n\n<figure class=\"wp-block-image\"><img decoding=\"async\" src=\"https:\/\/xn--littra-eva.com\/wp-content\/uploads\/2025\/04\/CONF_AURELE_2025_05.jpg\" alt=\"\" class=\"wp-image-718\"\/><\/figure>\n\n\n\n<div style=\"height:100px\" aria-hidden=\"true\" class=\"wp-block-spacer\"><\/div>\n\n\n\n<figure class=\"wp-block-image\"><img decoding=\"async\" src=\"https:\/\/xn--littra-eva.com\/wp-content\/uploads\/2025\/04\/CONF_ART_GUERRE_2025_06.jpg\" alt=\"\" class=\"wp-image-720\"\/><\/figure>\n","protected":false},"excerpt":{"rendered":"<p>Le cycle de conf\u00e9rences LITTERA 2025-2026 est plac\u00e9 sous l\u2019\u00e9gide du triptyque : Ethique, responsabilit\u00e9 et int\u00e9grit\u00e9 Si l\u2019on devait identifier un trait commun parmi ces illustres figures mythiques que sont Marc Aur\u00e8le, Antoine de Saint-Exup\u00e9ry et Simone Weil, ce serait le degr\u00e9 d\u2019exigence \u00e9thique qu\u2019ils s\u2019imposaient pour faire face aux \u00e9v\u00e8nements. Car en face &hellip; <\/p>\n<p class=\"link-more\"><a href=\"https:\/\/littera.education\/?page_id=31\" class=\"more-link\">Lire la suite de<span class=\"screen-reader-text\">\u00ab\u00a0Conf\u00e9rences\u00a0\u00bb<\/span><\/a><\/p>\n","protected":false},"author":1,"featured_media":0,"parent":0,"menu_order":0,"comment_status":"closed","ping_status":"closed","template":"","meta":{"footnotes":""},"class_list":["post-31","page","type-page","status-publish","hentry"],"_links":{"self":[{"href":"https:\/\/littera.education\/index.php?rest_route=\/wp\/v2\/pages\/31","targetHints":{"allow":["GET"]}}],"collection":[{"href":"https:\/\/littera.education\/index.php?rest_route=\/wp\/v2\/pages"}],"about":[{"href":"https:\/\/littera.education\/index.php?rest_route=\/wp\/v2\/types\/page"}],"author":[{"embeddable":true,"href":"https:\/\/littera.education\/index.php?rest_route=\/wp\/v2\/users\/1"}],"replies":[{"embeddable":true,"href":"https:\/\/littera.education\/index.php?rest_route=%2Fwp%2Fv2%2Fcomments&post=31"}],"version-history":[{"count":7,"href":"https:\/\/littera.education\/index.php?rest_route=\/wp\/v2\/pages\/31\/revisions"}],"predecessor-version":[{"id":83,"href":"https:\/\/littera.education\/index.php?rest_route=\/wp\/v2\/pages\/31\/revisions\/83"}],"wp:attachment":[{"href":"https:\/\/littera.education\/index.php?rest_route=%2Fwp%2Fv2%2Fmedia&parent=31"}],"curies":[{"name":"wp","href":"https:\/\/api.w.org\/{rel}","templated":true}]}}